 the prime factors of x(-3).
2, 5
Let p(h) = -6 + 6*h - 7*h + 0. Let o be p(-8). Suppose z = -o*z + 21. What are the prime factors of z?
7
Suppose -15 = -3*k, -2*m + 5*k - 5 = 18. Let h(j) = 14*j - 1. List the prime factors of h(m).
13
Suppose 11 = s + 3*s + 5*x, -2*s = -5*x - 13. What are the prime factors of (5 - s)/(2/14)?
7
Suppose -104 - 90 = -2*z. What are the prime factors of z?
97
Let r = 16 + -5. List the prime factors of r.
11
Let h = -227 - -385. List the prime factors of h.
2, 79
Let r = -133 + 224. List the prime factors of r.
7, 13
Let a = -55 + 57. List the prime factors of a.
2
Let r = 9 - -4. Suppose 3 + r = 4*q. Suppose 0 = -q*k + 44. List the prime factors of k.
11
Let u(z) = -4*z**2 - 5*z + z**2 + 4 + z**2 + z**2. Suppose -4*h = -2*h + 6. List the prime factors of u(h).
2, 5
Suppose 3*c + 0*c - 4*f - 228 = 0, -c - f = -83. List the prime factors of c.
2, 5
Let h(t) = t**2 - 4*t - 7. Let r be h(6). Suppose -5*a + 49 = -2*w, 2*w - 53 = -r*a + 8. List the prime factors of a.
11
Suppose 0 = -42*d + 37*d + 130. What are the prime factors of d?
2, 13
Suppose 0 = -4*i + 26 + 78. Let t = i - -15. List the prime factors of t.
41
Let c be ((-45)/12)/(2/(-40)). Let h = c - 28. What are the prime factors of h?
47
Let v = -6 + 11. Let f = v + -2. List the prime factors of f.
3
Let b(j) = 3*j + 1. Let c be b(-1). What are the prime factors of (3/(-6))/(c/76)?
19
Let d(l) be the second derivative of l**4/12 - l**3/6 - l**2/2 - l. What are the prime factors of d(-3)?
11
Let w = -208 - -295. What are the prime factors of w?
3, 29
Let f = 69 + -34. What are the prime factors of f?
5, 7
Let m = 13 - 4. What are the prime factors of m*3/(3 - 0)?
3
Let x(r) = -9*r + 6. List the prime factors of x(-13).
3, 41
Let v = 36 + -6. Suppose -3*f + 0*f - 42 = 0. Let w = f + v. What are the prime factors of w?
2
Suppose 0 = -3*i + 6 - 15, 4*d + 2*i - 178 = 0. List the prime factors of d.
2, 23
Suppose 456 = 3*d - 0*d. List the prime factors of d.
2, 19
Suppose -4*q + 2*v = 7 - 23, 0 = -5*q + 2*v + 20. Suppose q*r + 2 = 66. What are the prime factors of r?
2
Let q(y) be the first derivative of 1/2*y**2 + 2*y - 2 + 1/3*y**3. List the prime factors of q(-4).
2, 7
Suppose 0 = 5*u + 3*r - 324, -3*u + 174 = -5*r - 0*r. Let f = -36 + u. What are the prime factors of f?
3
Suppose 3*x - 370 + 40 = 0. List the prime factors of x.
2, 5, 11
Let b(d) = d - 23. Let h be b(16). What are the prime factors of (h/4)/((-2)/16)?
2, 7
Suppose -q + 233 - 5 = 0. List the prime factors of q.
2, 3, 19
Let j(w) = -1 - w**3 + 6*w + 4*w**2 + 0*w**2 - w**2. Suppose 2*r - 3*b - b = 0, -r - 3*b = -10. List the prime factors of j(r).
7
Let d(y) = 6*y - y + 0*y - 1 - 3. List the prime factors of d(4).
2
Suppose 10*g - 13*g = -165. What are the prime factors of g?
5, 11
Suppose 2*m + 7 = h, -m + 3*h = 5 + 6. What are the prime factors of (-3)/m*10/3?
5
Let l(h) = h + 8. Let g be 0*((-5)/2 + 2). What are the prime factors of l(g)?
2
Suppose -3*y - t = -403, 5*y + 2*t - 262 = 3*y. List the prime factors of y.
2, 17
Suppose 0*v + 165 = 5*v. What are the prime factors of v?
3, 11
What are the prime factors of 7 + 6 - (0 - 0)?
13
Let r(x) = 26*x + 6. Suppose -2*o + 12 = 2. Let u be r(o). Suppose -5*t - 26 = -u. What are the prime factors of t?
2, 11
Let z be -2*-1*(-33)/6. Let g = z - -18. What are the prime factors of g?
7
Suppose -4*z + 0*z = 3*a - 11, 0 = a - 5*z - 10. Let b(t) = t**3 - 4*t**2 - 4*t - 1. Let j be b(a). Suppose y + j*y - 45 = 0. List the prime factors of y.
3
Suppose -197 = -3*u + 82. What are the prime factors of u?
3, 31
Suppose -3*y + 4*y - 31 = 0. Suppose -y = -5*b + 9. Let i = b + 1. List the prime factors of i.
3
Let q(b) = 12*b + 39. What are the prime factors of q(11)?
3, 19
Suppose 5*z - 5*y = -2*y + 276, 0 = -5*z - y + 268. List the prime factors of z.
2, 3
Suppose -4*a = t - 143, 6*a = -3*t + 11*a + 344. List the prime factors of t.
3, 41
Suppose -3*x = -2*x - d - 6, 5*x = 2*d + 33. Let o = 11 - x. Suppose g = o + 4. What are the prime factors of g?
2
Let a be (-2)/5*(1 - 6). Let y be (2 - 2)*(-4 + 3). Suppose y = 3*k - a*k - 10. List the prime factors of k.
2, 5
What are the prime factors of 30*(55/15 + -1)?
2, 5
Suppose 4*v - v + 5*l = 94, -3*v + 4*l + 103 = 0. Suppose 4*u - 35 = v. Suppose -5*j - 2 = -u. What are the prime factors of j?
3
Let h be ((-2)/(-3))/((-4)/(-30)). Let t(p) = 6*p - 7. Let i(u) = 17*u - 20. Let f(z) = 3*i(z) - 8*t(z). List the prime factors of f(h).
11
Let g = 65 + -13. Suppose 0*z = 2*z + g. List the prime factors of (0 + 2/(-4))*z.
13
Let k(c) = -c - 2. Let p be k(-11). Let y(n) = n**3 - 10*n**2 + 10*n + 6. What are the prime factors of y(p)?
3, 5
Let u = 13 + 1. What are the prime factors of u/6 + 8/12?
3
Let p(s) = -16*s + 4. Let j be p(-3). List the prime factors of j/8 + 1/(-2).
2, 3
Let c = 1 + 2. Let l = 9 + c. What are the prime factors of l?
2, 3
Let p be 2/(-6) - 290/(-15). Let c = -8 + p. What are the prime factors of c?
11
Let k = -3 + 1. Let t(y) = y**2 + 0*y**2 - y + 5*y**3 - 8*y**3 - 4*y**2 - 1. List the prime factors of t(k).
13
Let o = 188 + -14. List the prime factors of o.
2, 3, 29
Let r be (-1)/(((-3)/(-17))/3). Let i = r - -3. Let z = -11 - i. List the prime factors of z.
3
Let p = -19 - -19. Let n(u) = -u**2 - 6*u - 5. Let b be n(-4). Suppose 0 = -p*c - b*c + 30. List the prime factors of c.
2, 5
Suppose -x - 22 + 108 = 0. What are the prime factors of x?
2, 43
Let c = -11 - -5. Let b(m) = 7 + 8*m**2 + 3*m - 7*m**2 + 2*m. What are the prime factors of b(c)?
13
Let l(x) = x**2 + 2*x - 4. Let t be l(-4). Suppose -n - 13 = -3*w, -5*w + n + 19 = -0. Suppose -w*k + 5 = -t. What are the prime factors of k?
3
Suppose 0 = -3*t + 28 - 4. Suppose -3*c + 10 = 5*m, -5*c = -c - 4*m + t. Suppose -5*y + 35 = 2*z, 5*y - 6*z + z = c. What are the prime factors of y?
5
Let g = -21 - -64. List the prime factors of g.
43
Let h(n) = -n**3 + n**2 + n + 1. Let c be h(-1). Let a be (4/(-5))/(c/(-5)). Suppose -14 + a = -l. What are the prime factors of l?
2, 3
Let j(r) = r**2 - 2*r**2 - 2*r**3 + 0*r**3. Let y be (0 - 5)*(-8)/(-20). List the prime factors of j(y).
2, 3
Let r be (4/5)/((-1)/5). Let i(q) = -7*q - 9. What are the prime factors of i(r)?
19
Let y be 0 + 4/(-2) - -65. Let z = y + -29. What are the prime factors of z?
2, 17
Suppose 5*a + 13 = 28. Suppose -29 = -3*c - 4*r, -14 = a*c - c - 4*r. List the prime factors of c.
3
Suppose -11*p + 8*p = -228. Let o = p + -44. What are the prime factors of o?
2
Suppose -w - 195 = 5*v, 3*v = w - 3*w - 110. Let s = 94 + v. Suppose 3*r + s = 6*r. What are the prime factors of r?
2, 3
Let b(r) = 3*r**2 + 3*r + 202. What are the prime factors of b(0)?
2, 101
Suppose 3*v - v - 6 = 0. Suppose -v*k - 11 = 2*d, 6*k - k + 33 = 4*d. What are the prime factors of d?
2
Suppose -b + 0 = 1. Let r(v) = 13*v. Let p be r(b). Let a = p - -25. What are the prime factors of a?
2, 3
Let x(s) = -9*s + 7. Let q(w) = 10*w - 8. Let r(v) = -4*q(v) - 5*x(v). List the prime factors of r(2).
7
Let m be 6/4 - 105/(-10). What are the prime factors of 57/4 - 3/m?
2, 7
Let w be (-15)/9*1*-3. What are the prime factors of (1 + 7)/(w/5)?
2
Let w(i) = i**3 + 9*i**2 - 14*i - 13. List the prime factors of w(-10).
3
Let d(o) = -43*o + 13. What are the prime factors of d(-2)?
3, 11
Let f(y) = -7*y - 4 + 4. Let z be f(-1). Let i = z - 0. What are the prime factors of i?
7
Let q be (40/25)/(2/110). Suppose -4*g = y - q, 3*g + 2*g = y + 101. What are the prime factors of g?
3, 7
Let z be 2/6 + 912/18. Let n(v) = -v**2 + 8*v - 3. Let c be n(7). Suppose 5*g = -q - q + 3, c*q + g - z = 0. What are the prime factors of q?
2, 7
Let k(p) = -21*p + 8. What are the prime factors of k(-6)?
2, 67
Suppose 2*h = 4*p, h - 3*p = -4*p + 6. Suppose -t - a = -h*a - 14, 3*t + 2*a = 53. List the prime factors of t.
17
Suppose 2*b = -2*n + 182, 0*b + 5*b = n + 461. Suppose 0*x = -4*x + b. List the prime factors of x.
23
Let p = 5 + -8. Let s be 58/(-6) + (-2)/p. What are the prime factors of 1/((s/(-3))/12)?
2
Let u(g) be the third derivative of 2*g**5/15 - g**4/24 - 12*g**2. Let a be (-2)/8 + (-3)/4. What are the prime factors of u(a)?
3
Let a be (4 - -68)*4/6. Let r = 79 - a. What are the prime factors of r?
31
Suppose -2*d - 3*d = -150. Let z =